) - (-74)/(-20))*-2.
6
Suppose 0 = -0*u + 3*u + 2*a + 24, -21 = 4*u - a. Calculate the remainder when u*(70/4)/(-7) is divided by 8.
7
Calculate the remainder when -2*(-2)/(-1) + 54 is divided by 26.
24
Suppose 6*l = l - 210. Suppose -2 = -5*p + 18. What is the remainder when 18 is divided by (-5)/10 - l/p?
8
Let f(l) = -l**3 - 39*l**2 - 78*l - 104. Let h be 36/(-2)*16/(-6). Let z = -25 + h. Calculate the remainder when f(-37) is divided by z.
21
Let r(q) = -q + 2. Let o be r(2). Let n be (-1)/((-3)/48 + o). Let g = -8 + n. Calculate the remainder when 14 is divided by g.
6
Let u be ((-6)/12)/(1/(-108)). Suppose -3*q + u + 27 = 0. Calculate the remainder when q is divided by 14.
13
Suppose -12*u + 27 = -9*u. Let o(t) = -t**3 + 6*t**2 - 2*t + 2. Calculate the remainder when o(5) is divided by u.
8
Let o(c) = c**2 + 2. Let q be o(0). Let z be 9/q + 3/(-6). Suppose -4*r + 24 = -2*j - 56, -r + 38 = z*j. Calculate the remainder when r is divided by 12.
10
Suppose -5*z + 0*z + 1855 = 0. Calculate the remainder when z is divided by 62.
61
Let p be 10/25 + (-23)/(-5). Suppose p*k - 10 = 15. Suppose 3*b - 35 = 4. What is the remainder when b is divided by k?
3
Calculate the remainder when -22*(-2 - 4/(-8)) is divided by (-1*2)/6*-51.
16
Suppose -6*c = -39 + 9. What is the remainder when 22 is divided by c?
2
Calculate the remainder when 29 is divided by (1 + -4)*-1 - (-2 + -4).
2
Suppose h = -3*a + 708, -2*a + 223 + 262 = 5*h. Calculate the remainder when a is divided by 34.
31
Let t(m) = 4*m + 5. Let y be t(10). Suppose 2*p - 9 = -k, -5*k + 7*p + y = 2*p. Calculate the remainder when k is divided by 3.
0
Let m(t) = 3*t - 14. What is the remainder when 43 is divided by m(12)?
21
Suppose -3*f + 0*f - 42 = -3*o, 2*f - 40 = -2*o. Calculate the remainder when o is divided by 6.
5
Suppose -r - r = -6. Suppose r*g + 0*g - 35 = -4*s, 0 = 5*s - 2*g - 61. Calculate the remainder when s is divided by 6.
5
Let j = -8 - -9. Calculate the remainder when 37 is divided by 15/1 - (j - -1).
11
Suppose 0 = 4*t + 2*h - 2, -3*t - 6 = 4*h - 0*h. Suppose -t*u - 2*u = -260. Suppose -u + 15 = -k. Calculate the remainder when k is divided by 17.
16
Let u(p) = p - 2. Suppose 0 = 3*j - 7*j + 20. Suppose -3 = -j*w + 2. What is the remainder when u(4) is divided by w?
0
Suppose 4*y + 4*r - 48 = 3*r, y - 31 = -5*r. Let p = -11 + y. What is the remainder when 10 is divided by p/(3 - 2) - -3?
1
Let n = 6 + -3. Let i = n + 5. Calculate the remainder when 1 + -1 + 2 - -21 is divided by i.
7
Suppose 3*i + 2*f - 7*f = -104, -4*i - 162 = 5*f. Let w = i + 69. What is the remainder when w is divided by 17?
14
Let d(m) = 2*m**2 + 10*m + 10. Let y(l) = -l**2 + l + 1. Let h(v) = -d(v) - y(v). Suppose -o = -3*o + 48. What is the remainder when o is divided by h(-8)?
11
Calculate the remainder when 55 is divided by 2 + 13 + -3 + 2.
13
Suppose 0 = -8*b + 115 + 53. Calculate the remainder when b is divided by 8.
5
Suppose -j - 47 = -n - 4*j, 4*n + 4*j = 172. Calculate the remainder when 161 is divided by n.
38
Let t = -4 - -14. Suppose -5*q = 154 + 46. Let x = 58 + q. What is the remainder when x is divided by t?
8
Suppose -4*c = 20 - 132. Let a(k) = 3*k**2 + k + 1. Calculate the remainder when c is divided by a(2).
13
Suppose 0 = 2*h - 3*i, 4*h + i = 2*i. What is the remainder when (h - -13) + -1 + 1 is divided by -2*(-1)/(-1)*-2?
1
Suppose 2 = 4*y - 34. Suppose -98 + 21 = -3*i + 2*r, -3*r + 22 = i. Calculate the remainder when i is divided by y.
7
Let f = 166 - 117. What is the remainder when f is divided by 5 - (-5)/(10/42)?
23
Let p = 2 - 0. Let a = 124 + -116. Calculate the remainder when a is divided by p.
0
Let h(m) = m**3 + 12*m**2 - 8*m + 19. Let k be h(-13). Let w(t) = -2*t**2 - 2*t. Let q be w(-2). Let x = q - k. Calculate the remainder when x is divided by 11.
9
Suppose 5*x + x = 0. Calculate the remainder when (-7 + x - -3) + 91 is divided by 22.
21
Let d(o) = -o - 3*o + 3*o + 11 + 0*o. What is the remainder when 31 is divided by d(0)?
9
Suppose 11 = -5*u + 96. Calculate the remainder when 64 is divided by u.
13
Calculate the remainder when (-137)/(-6) + 4/24 is divided by 8.
7
Let o(x) = 33*x**3 - x**2 + 1. Suppose -z + 3*a + 15 = 0, -5*z + 22 = 3*a - 17. Calculate the remainder when o(1) is divided by z.
6
Suppose -3*b = -b + 8. Calculate the remainder when 26 is divided by 135/10 - 2/b.
12
Let f(t) = 21*t**2 + t + 1. Let d be f(-1). Suppose -3*z + d + 3 = 0. What is the remainder when z is divided by 5?
3
Let l(w) = w**3 - 7*w**2 - 7*w - 1. Calculate the remainder when l(9) is divided by 11.
10
Suppose -1 = 4*h - 185. Suppose m = 1 - 0, 3*s - m = 35. Calculate the remainder when h is divided by s.
10
Suppose -f + 7 = -4. Suppose -7 = -5*a + 153. What is the remainder when a is divided by f?
10
Suppose 20*q - 23*q = -45. Calculate the remainder when q is divided by 6.
3
Suppose 10*n - 3*n - 182 = 0. What is the remainder when 153 is divided by n?
23
Suppose 4*h - 6*h + 72 = -3*a, 0 = 3*a - 12. Let g = h + -24. Calculate the remainder when 34 is divided by g.
16
Let z = 1 + -9. Let i be (-55)/(-4) + (-2)/z. Calculate the remainder when 43 is divided by 2 + (-1 - 0) + i.
13
Suppose -5 + 439 = 2*l. Suppose -32 = 5*n - l. Suppose 0 = -3*q + 8*q - 65. Calculate the remainder when n is divided by q.
11
Let b(r) = r**2 + 7*r + 9. What is the remainder when 15 is divided by b(-7)?
6
Suppose -4*i + 12 = 0, -20 = -w + 3*i + i. What is the remainder when 126 is divided by w?
30
Suppose 5*y - 116 - 36 = -4*r, 3*r = 5*y + 149. Let t = -24 + r. What is the remainder when t is divided by 11?
8
Let f = 53 + -38. What is the remainder when 29 is divided by f?
14
Let p = -60 + 103. Calculate the remainder when p is divided by 12*117/96 - (-6)/16.
13
Suppose v = -2*v + 9. Calculate the remainder when 4 is divided by v.
1
Let w(l) = -12*l - 2. Calculate the remainder when w(-4) is divided by 12.
10
Let z be (-6)/(-6) + (2 - 1). Suppose w + 12 = z*w. Calculate the remainder when 21 is divided by w.
9
Suppose -19 = -4*u - 7. Suppose -u*i + 33 + 87 = 0. Let n = 15 + -1. Calculate the remainder when i is divided by n.
12
Let x = 21 + -7. What is the remainder when x is divided by (2 - 3)*(10 + -11) + 7?
6
Let o(j) = 12*j - 31. Calculate the remainder when 80 is divided by o(5).
22
Let z(v) = 3*v - 2*v - 1 + 8*v**3 - 2*v**2 + v. Calculate the remainder when 18 is divided by z(1).
4
Suppose 0 = 16*j - 12*j - 84. What is the remainder when 56 is divided by j?
14
Suppose -10*d + 15*d - 30 = 0. Suppose -5*o + d*o - 13 = 0. Suppose -94 = 2*h - 6*h + y, 3*y - 30 = -h. What is the remainder when h is divided by o?
11
Suppose 4*c - 15 = 9. Suppose -3*t - c*k + k = -17, -k = 2*t - 2. Calculate the remainder when (12 - 0) + -2 + t is divided by 5.
4
Suppose 3*n = -2*n - 235. Let i = 101 + n. Suppose t = -4*t, -t = 2*j - i. Calculate the remainder when j is divided by 14.
13
Let f = 126 + -27. Suppose 0*s + s - f = -5*o, -4*s + 3*o + 350 = 0. What is the remainder when s is divided by 23?
20
Calculate the remainder when -111*1*(-12)/90*5 is divided by 15.
14
Suppose -199 + 7 = -8*f. What is the remainder when f is divided by ((-13)/2)/(1/(-2))?
11
Suppose 0 = -4*t + 5*t - 68. Calculate the remainder when t is divided by 23.
22
Suppose 2*u - 2*b - 10 = 0, -b = -2*b - 1. What is the remainder when 14 is divided by u?
2
Let b = -15 - -21. Calculate the remainder when 20 - 6*(-3)/b is divided by 6.
5
Suppose -3*z + 35 = 2*z. What is the remainder when 12 is divided by z?
5
Suppose -2*g = -3*n - 6, -2*n = -4*g - 3 + 15. Suppose 3*r = 2*w - 11, -2*r = 2*w - n*r - 36. Calculate the remainder when 51 is divided by w.
12
Suppose 7*r = 11*r - 88. What is the remainder when 1/(-2)*4 - -66 is divided by r?
20
Let t be (3/2)/((-3)/(-28)). Calculate the remainder when 130/t + (-8)/28 is divided by 6.
3
Suppose 2*w - 4*w - 4*z = -34, -5*w + 3*z + 124 = 0. What is the remainder when 68 is divided by w?
22
Let f = 39 - 26. Let p be (-75)/(-9) - (-2)/(-6). What is the remainder when 190/8 - (-2)/p is divided by f?
11
Suppose -3*u + 3*n = -54, -3*u + 2*n - 4*n = -44. Calculate the remainder when 77 is divided by u.
13
Let q(x) be the first derivative of x**4/4 - 10*x**3/3 - 5*x**2 - 4*x - 3. What is the remainder when 11 is divided